40?
20
Let i(j) = -j**2 - 10*j + 16. Let t be i(-11). Suppose -5*y - 3*l + l + 140 = 0, 0 = -t*y - 4*l + 150. Calculate the highest common factor of y and 39.
13
Suppose 1514 = 24*s + 362. What is the greatest common divisor of 120 and s?
24
Let q = 179 + 265. What is the greatest common divisor of q and 12?
12
Let b = 47 + -47. Suppose 0 = -4*d - 0 + 8. Suppose -d*a + 0*a - 50 = -5*r, 3*a + 15 = b. What is the greatest common divisor of r and 8?
8
Let f = -66 - -72. Suppose -b = -f*b - 5*n + 175, 0 = 4*b - 5*n - 158. What is the greatest common divisor of 407 and b?
37
Let x(w) = -12*w + 2. Let n(b) = -b**3 - 12*b**2 - 1. Let g be n(-12). Let s be x(g). What is the greatest common divisor of 70 and s?
14
Let j be 48*((-35)/15 + 3). Suppose -4*g = -2*p - 6*g + j, g = -4*p + 58. Calculate the highest common factor of p and 98.
14
Let s = -3 + -30. Let t = 41 + s. Let n be ((-42)/9)/(2/(-24)). Calculate the highest common divisor of t and n.
8
Suppose 11 + 149 = 8*t. Suppose 2*i + 8 = w - 10, w - i - t = 0. What is the greatest common factor of w and 77?
11
Let m be (-125)/(-35) + 20/(-35). Suppose -h - 44 = -t + m*h, 4*t = 4*h + 152. Calculate the highest common factor of 396 and t.
36
Let u = -222 + 285. What is the highest common factor of 18 and u?
9
Let v(s) = -2*s + 4*s - 2*s**3 + s**3 + 10*s**2 - 4*s. Let m be v(4). Calculate the greatest common factor of m and 22.
22
Suppose -8*t + 386 = 5*r - 7*t, -3*t = -2*r + 151. Let w = -20 + 31. What is the highest common divisor of w and r?
11
Suppose z + z - 34 = 0. Suppose z*i - 180 = 12*i. What is the greatest common factor of 144 and i?
36
Let f = 169 - 88. Let i(y) = y - 1. Let u(j) = 6*j - 1. Let d(k) = -5*i(k) + u(k). Let l be d(5). What is the highest common factor of l and f?
9
Suppose -3*i - 15 = -3*d, d + 5*i - 14 = 15. Suppose 4*z = 2*q + 320, 5*z + 4*q - 170 = 3*z. Calculate the greatest common factor of d and z.
9
Let o be (-4)/2 - (-2 + -2). Let z = 8 - o. Suppose -5*j + l = -74, -2*j + l = -4*j + 31. Calculate the greatest common divisor of j and z.
3
Let n = 8 - -4. Let y be 3/9 + 107/3. Calculate the greatest common divisor of n and y.
12
Let u be (-1 - -199)/(-17 + 2325/135). What is the highest common factor of u and 11?
11
Let u(q) = q**3 - 6*q**2 + 5*q + 5. Let z be u(5). Let m = -393 + 394. What is the highest common divisor of m and z?
1
Let h(n) = 8*n - 21. Let v be h(3). Suppose c - v*z = -6*z + 6, -2*z = 3*c - 32. What is the highest common factor of 6 and c?
6
Let b(l) = l**3 - 4*l**2 + 54*l - 386. Let i be b(6). Suppose -4*z + 47 = -33. Calculate the greatest common factor of z and i.
10
Let k = 1 + -8. Let w be (k + 2)*(-4)/5. Suppose 3*h = -t - 2*h + 25, -w*t + h + 184 = 0. Calculate the highest common factor of 9 and t.
9
Suppose -p + 0*p = 0. Suppose 2*b = 4*b - 314. Suppose -4*s + 5*y + b = p, 5*s - 4*y + y - 180 = 0. Calculate the greatest common factor of s and 3.
3
Let d = 1241 + -1124. What is the highest common divisor of d and 1131?
39
Let y = -1081 + 1403. What is the greatest common factor of 23 and y?
23
Let l = -80 + 136. Let i = l + -29. What is the greatest common factor of i and 81?
27
Suppose 28517 = 58*i + 1373. Calculate the highest common factor of i and 18.
18
Suppose -555 = -5*x + 30. Suppose i + 5*t = 138 - 139, 5*i + 4*t - 37 = 0. What is the highest common divisor of i and x?
9
Suppose -2*g - 5*w = 23, -g + 0*w = -3*w - 5. Let m = 1 - g. Suppose -m*h = -486 - 449. Calculate the highest common factor of h and 17.
17
Suppose -3*k + 4 = 2*o, -5*o - 9 = -3*k + 2. Let f(l) = 5*l**3 - 8*l + 4. Let n be f(k). What is the greatest common factor of n and 21?
7
Let v be 27/(-54) + (-7)/(-2). Let p(f) = f + 9. Let x be p(0). What is the greatest common factor of v and x?
3
Suppose 0*h + 10 = 2*h. Let n be (-227)/(-4) + 5/20. Suppose -z = -j - 2*z + n, -5*j - z = -277. Calculate the highest common factor of h and j.
5
Let t(k) = -4*k + 127. Let p be t(10). Calculate the greatest common divisor of 261 and p.
87
Let b be 32 + 1 - (3 - 0). Let d(f) = -f - 1. Suppose -4*l - 2*j + 6*j - 44 = 0, j = 4. Let g be d(l). Calculate the highest common divisor of g and b.
6
Let f(l) = -l**3 - 2*l**2 + 2*l + 15. Let v be f(0). Suppose v - 249 = -9*n. Calculate the greatest common factor of n and 2.
2
Suppose 2*a - 41*i + 40*i = 132, -2*a - 3*i = -116. What is the highest common divisor of a and 44?
4
Let z = 40 - 38. Let a be ((-6 - -9) + z)*4/1. Calculate the highest common factor of a and 60.
20
Let t(c) = -c**3 - 4*c**2 - 7*c - 4. Let m be t(-4). Let s = -191 - -351. Let g be ((-18)/8)/((-6)/s). Calculate the highest common factor of m and g.
12
Suppose 0 = -0*m + 3*m + n - 65, -3*m = 4*n - 62. Calculate the greatest common divisor of 638 and m.
22
Let n = 242 + -178. Calculate the greatest common divisor of n and 80.
16
Let r be 3*((-455)/(-14) + 2/4). Let g(o) = -1 + 6*o**2 - 3*o**2 - o + 8*o**2. Let d be g(-1). What is the highest common factor of r and d?
11
Let j be (2/(-4))/((-9)/(-18)). Let q be ((-6)/5)/(j/((-50)/(-4))). Let w = 424 + -289. What is the highest common factor of w and q?
15
Let h(w) = -w**3 + 13*w**2 + 13*w + 2. Let r = -22 - -32. Let y be h(r). Suppose -57 + y = 5*g. What is the highest common factor of 30 and g?
15
Let n(i) = -2*i**3 - 7*i**2 - 9*i. Let h be n(-4). What is the greatest common factor of 39 and h?
13
Suppose h - 4*h + 168 = 0. Suppose -4 = -2*i, -5 - 75 = -4*u + 2*i. Suppose 3*q = -4*b + 23, 2*q - 3*q + u = 3*b. What is the greatest common factor of h and b?
8
Suppose -3*p = -2*j + 42, 2*p - p + 2 = 0. What is the highest common divisor of 27 and j?
9
Suppose -4*y - 6 + 26 = 0. Suppose -t + y + 5 = 0. Calculate the greatest common factor of 20 and t.
10
Let l be (3 - 4)*(265 + 0). Let k be 4*l/(-20) - -1. What is the greatest common divisor of k and 12?
6
Let o be -27 + 4 + 6 + -3. Let j = o + 23. Calculate the highest common factor of 3 and j.
3
Suppose -2 - 8 = -2*s. Let m be ((-3)/2)/(6/(-20)). Suppose -s*p + 80 = m*z - z, -79 = -5*z - p. Calculate the greatest common factor of z and 75.
15
Let l be 3 + ((-3)/3 - -2)/1. Suppose 3*w = h - 33, 3*w = 3*h + l*w - 149. Calculate the highest common divisor of 72 and h.
24
Let a be (-1)/(2/(5 - 11)). Suppose 0 = 2*k - a*k - r + 63, 2*r = -k + 60. What is the greatest common factor of k and 6?
6
Suppose 0 = 2*u - y - 223, -7*u + 5*y = 3*y - 782. Suppose -2*b + 36 = -20. What is the highest common factor of u and b?
28
Let p be (76/(-10))/(5/(250/(-1))). What is the greatest common divisor of p and 20?
20
Let d be 1*29*((-12)/3 - -3). Let j = 19 - d. Calculate the greatest common factor of j and 528.
48
Let k be -6 + (5 - -8) + 2 + 0. What is the highest common divisor of 1 and k?
1
Suppose -5*h + 0*n - 4*n + 320 = 0, 3*h - n = 192. Suppose 4*a - h = 24. Let v = 39 - -16. What is the highest common factor of a and v?
11
Let w be ((-354)/(-9))/((-2)/3). Let j = 72 + w. Suppose 2*f = -2*f + 468. Calculate the greatest common divisor of j and f.
13
Suppose 0 = -41*a + 601 + 1613. Calculate the highest common divisor of 30 and a.
6
Let h = -23 + 25. Suppose -5*r + h*a - 6*a + 36 = 0, -2*r - a + 15 = 0. Calculate the highest common factor of 8 and r.
8
Suppose 7*r + 4*v - 68 = 2*r, 26 = 2*r + 2*v. What is the highest common divisor of 48 and r?
16
Let s be 60/9 + (-2)/3. Suppose 2*q - 4*o = q + s, 5*o = 0. Calculate the greatest common divisor of q and 12.
6
Let f(x) = x**3 + 2*x**2 - 2*x - 3. Let k be f(-3). Let b = -9 - k. Let h = b + 20. What is the greatest common factor of 119 and h?
17
Suppose 92 = -6*z - 364. Let a be z/(-5) - 9/45. Calculate the highest common divisor of 120 and a.
15
Let v = 86 - 16. Suppose 4 = 2*a + 4*p, -3*a - 5*p = -2*a + 10. What is the highest common divisor of v and a?
10
Let c(y) = -y**2 + 32*y - 188. Let r be c(24). Calculate the highest common factor of 42 and r.
2
Suppose 0 = -3*o - 5*k + 57, 6*o - k + 31 = 8*o. Calculate the greatest common factor of o and 238.
14
Let t be -8 - -3 - (-106 - -11). What is the greatest common divisor of 30 and t?
30
Let l = 2 + 1. Suppose -87 = -5*r - 2*s, -2*r - l*r - 5*s = -75. Let k = -221 + 392. Calculate the highest common factor of r and k.
19
Let f(h) be the first derivative of -h**4/4 - 8*h**3/3 - 3*h**2 